{"id":2,"date":"2013-11-06T11:55:36","date_gmt":"2013-11-06T11:55:36","guid":{"rendered":"http:\/\/carlospoisa.com.ar\/portugues\/?page_id=2"},"modified":"2020-03-19T20:19:20","modified_gmt":"2020-03-19T20:19:20","slug":"pagina-ejemplo","status":"publish","type":"page","link":"http:\/\/carlospoisa.com.ar\/portugues\/pagina-ejemplo\/","title":{"rendered":"Biografia"},"content":{"rendered":"<p>Ele nasceu na Provincia de Entre R\u00edos, em 22 de Agosto, mas sua vida, transcorreu completamente em Buenos Aires.<\/p>\n<p>Seus primeiros passos pela m\u00fasica -desde muito novo- foram, em princ\u00edpio, interpretando folclore\u2026 As m\u00fasicas que escutavam em sua casa: Tango e Folclore.<\/p>\n<p>A sua primeira forma\u00e7\u00e3o foi em trio, mas logo depois dissolveu-se, participaram em alguns cen\u00e1rios, de forma amadora.<\/p>\n<p>Logo depois dedicou-se s\u00f3 ao tango que era o que ele mais gostava de cantar.<\/p>\n<p>Formou-se com professores de canto do Teatro Col\u00f3n. Entre eles o reconhecido cantor\u00a0<strong>Roberto Yanes<\/strong>, quem al\u00e9m das aulas de canto ensinou ao Carlos como se desenvolver no cen\u00e1rio, repert\u00f3rio e vocaliza\u00e7\u00e3o.<\/p>\n<p>Roberto convidou Carlos v\u00e1rias vezes para cantar em seus shows<\/p>\n<p><img decoding=\"async\" class=\"aligncenter\" src=\"http:\/\/carlospoisa.com.ar\/imagen\/wp-content\/uploads\/2020\/03\/rufino-3-4.jpg\" alt=\"La imagen tiene un atributo ALT vac\u00edo; su nombre de archivo es rufino-3-4.jpg\" \/><\/p>\n<p>Seu padrinhos art\u00edstico \u00e9 <strong>Roberto Rufino<\/strong>, quem apresentou Carlos em muitas casas de Tango e o convidou para suas apresenta\u00e7\u00f5es durante mais de 10 anos<\/p>\n<p><img decoding=\"async\" class=\"alignright\" src=\"http:\/\/carlospoisa.com.ar\/imagen\/wp-content\/uploads\/2020\/01\/14.jpg\" alt=\"La imagen tiene un atributo ALT vac\u00edo; su nombre de archivo es 14.jpg\" \/>Entre os anos \u201993 e \u201996 fez v\u00e1rias apresenta\u00e7\u00f5es em\u00a0<strong>Santiago do Chile.<\/strong><\/p>\n<p>Por todo o ano \u201995, realizou uma extensa turn\u00ea pela <strong>Espanha<\/strong>, apresentando-se no emblem\u00e1tico\u00a0<strong>Viejo Almac\u00e9n<\/strong>\u00a0de Madrid.<\/p>\n<p>Em 1996 come\u00e7ou atuar em diversas casas reconhecidas de San Telmo, Bar Sur, A M\u00e9dia Luz, Mar\u00eda, Tango Sur e outros.<\/p>\n<p>Paralelamente apresentou-se com distintos artistas em restaurantes, sociedades de fomento e casas de show, muitos destes lugares existiam quando a rua Panamericana ainda era bem estreita, como o Aeroporto, el Gran Chaparral, Hanclar, El Candil, Pingo Viejo, localizados no Bairro de San Isidro.<\/p>\n<p>Em 1998, fez in\u00fameras apresenta\u00e7\u00f5es na Grande Buenos Aires e Cidade Aut\u00f4noma de Buenos Aires. Apresenta\u00e7\u00f5es em programas de televis\u00e3o em Cr\u00f3nica TV (S\u00e1bados de Tango). \u00a0Apresenta\u00e7\u00f5es no canal Solo Tango, em canais a cabo da Zona Norte. Nos ver\u00f5es, temporada em Mar del Plata, Casa Charly de Walter Ber\u00f3n, compartilhando shows com Jorge Valdez, Roberto Rufino e outros. Shows em Santa Teresita, tanto na TV quanto em restaurantes.<\/p>\n<p>Em 2000 inaugura-se o ciclo Buenos Aires Canta onde Carlos Poisa se apresenta com grande elenco e acompanhamento musical junto ao trio est\u00e1vel. Daqui pra frente faz shows em festas privadas e Clubes: el T\u00e1bano, Viento Norte, Apolo e Sunderlang.<\/p>\n<p>No ano de 2019 atua na tv em v\u00e1rios canais: Canal 26, programa Folklor\u00edsimo de Carlos Giachetti. e Argentinisima Satelital.<br \/>Recebeu alguns pr\u00eamios \u00e0 trajet\u00f3ria, Festival 6 continentes em San Rafael, Mendoza. Pr\u00eamio \u00e0 trajet\u00f3ria Coronacion de Oro La Docta.<\/p>\n<p><iframe loading=\"lazy\" title=\"Mu\u00f1eca Brava Carlos Poisa\" width=\"640\" height=\"360\" src=\"https:\/\/www.youtube.com\/embed\/_fPA09UJBwI?feature=oembed\" frameborder=\"0\" allow=\"accelerometer; autoplay; clipboard-write; encrypted-media; gyroscope; picture-in-picture; web-share\" referrerpolicy=\"strict-origin-when-cross-origin\" allowfullscreen><\/iframe><\/p>\n<p>Em 2020, viajou para S\u00e3o Paulo \u2013Brasil- para receber pr\u00eamios \u00e0 trajet\u00f3ria: Pr\u00eamio Iberoamericano El Nevado Solidario de Oro, atuando na C\u00e2mara de S\u00e3o Paulo e no Teatro Olido em S\u00e3o Paulo, culminando sua gira com uma visita \u00e0 Aldeia Ind\u00edgena Tekoi, com fins solid\u00e1rios.<\/p>\n\n\n<p><\/p>\n","protected":false},"excerpt":{"rendered":"<p>Ele nasceu na Provincia de Entre R\u00edos, em 22 de Agosto, mas sua vida, transcorreu completamente em Buenos Aires. Seus [&hellip;]<\/p>\n","protected":false},"author":2,"featured_media":17,"parent":0,"menu_order":0,"comment_status":"open","ping_status":"open","template":"","meta":{"footnotes":""},"class_list":["post-2","page","type-page","status-publish","has-post-thumbnail","hentry"],"_links":{"self":[{"href":"http:\/\/carlospoisa.com.ar\/portugues\/wp-json\/wp\/v2\/pages\/2","targetHints":{"allow":["GET"]}}],"collection":[{"href":"http:\/\/carlospoisa.com.ar\/portugues\/wp-json\/wp\/v2\/pages"}],"about":[{"href":"http:\/\/carlospoisa.com.ar\/portugues\/wp-json\/wp\/v2\/types\/page"}],"author":[{"embeddable":true,"href":"http:\/\/carlospoisa.com.ar\/portugues\/wp-json\/wp\/v2\/users\/2"}],"replies":[{"embeddable":true,"href":"http:\/\/carlospoisa.com.ar\/portugues\/wp-json\/wp\/v2\/comments?post=2"}],"version-history":[{"count":6,"href":"http:\/\/carlospoisa.com.ar\/portugues\/wp-json\/wp\/v2\/pages\/2\/revisions"}],"predecessor-version":[{"id":107,"href":"http:\/\/carlospoisa.com.ar\/portugues\/wp-json\/wp\/v2\/pages\/2\/revisions\/107"}],"wp:featuredmedia":[{"embeddable":true,"href":"http:\/\/carlospoisa.com.ar\/portugues\/wp-json\/wp\/v2\/media\/17"}],"wp:attachment":[{"href":"http:\/\/carlospoisa.com.ar\/portugues\/wp-json\/wp\/v2\/media?parent=2"}],"curies":[{"name":"wp","href":"https:\/\/api.w.org\/{rel}","templated":true}]}}